 d(-5)?
3, 5431
Suppose 2*d - 4*g + 0*g = 22, 12 = -3*g. Let j(o) = -5 - 4*o**2 - o**d - 6*o**2 + 2*o**2 + 14*o. What are the prime factors of j(-10)?
5, 11
Let o = -4234 + 7832. Suppose 0 = 5*l - 2*f - 6348, 2*l + 1058 - o = f. What are the prime factors of l?
2, 317
Suppose 5*d + 3*y = 19, 5*d = -2*y + 14 + 2. Suppose -4*n - 1211 = 4*s - 3371, -s = -d*n - 549. Suppose -90*c - s = -93*c. What are the prime factors of c?
181
Suppose -w - k + 8360 = 0, -17*w = -13*w + 5*k - 33436. Suppose 1228 - w = -16*u. List the prime factors of u.
2, 223
Suppose -2*w = -3*d + 155148, 6*w - w + 206871 = 4*d. What are the prime factors of d?
2, 3, 13, 17
Let l = -124 + 231. What are the prime factors of (l + -38)/((-6)/(-4))?
2, 23
Let r(s) = -3*s + 140. Suppose 0 = -5*z - 35 + 35. Suppose z = 4*n + 2*n. List the prime factors of r(n).
2, 5, 7
Let p = 6 - -35. Suppose 0 = p*i - 38*i - 981. List the prime factors of i.
3, 109
Suppose 14*j = 10*j + 22160. List the prime factors of j.
2, 5, 277
Let u = 2213 - 1160. Suppose -26*f + u = -23*f. Suppose 2*o + o = f. List the prime factors of o.
3, 13
Let h(l) = 23321*l + 719. List the prime factors of h(1).
2, 5, 601
Suppose 19*r - 14*r = -20. List the prime factors of -2 - (-1*(r - -3) - 106).
103
Suppose 6*y + 3*f = 4*y - 808, 2*f = -4. Let o = 1096 + y. What are the prime factors of o?
5, 139
Let x(n) = -5*n**3 - 106*n - 1731. List the prime factors of x(-18).
3, 7, 11, 127
Let z(c) = c**2 - 14*c + 36. Let p be z(5). List the prime factors of (-1)/((-2)/(-87))*78/p.
13, 29
Let v = -3032 - -6590. List the prime factors of v.
2, 3, 593
Let b(g) = -g**3 - 19*g**2 + 64*g + 19. Let l be b(-25). Suppose 3*s = -d + l, 0*s + 3*d + 3629 = 5*s. What are the prime factors of s?
2, 181
Let k(m) be the first derivative of 7*m**3/3 + 27*m**2/2 - 243*m - 154. List the prime factors of k(7).
17
Let p(k) be the first derivative of 685*k**3/3 + 3*k**2/2 - 2*k - 78. What are the prime factors of p(1)?
2, 7
Let w(d) = 188*d**2 + 95*d - 1351. What are the prime factors of w(17)?
2, 13649
Let w(q) = -12*q**2 - 12*q - 9. Let n be w(-7). Let g = n - -780. List the prime factors of g.
3, 89
Let a(b) = -86*b - 9. Let c be a(1). Let n = c - -266. What are the prime factors of n?
3, 19
Let s be ((7596/8)/9)/((-6)/180). Let o = -1818 - s. What are the prime factors of o?
3, 449
Suppose 6*v = -0*v + 12. Suppose -2*z = -j + 3*z + 780, 1530 = v*j - 4*z. What are the prime factors of j?
5, 151
Suppose 2*i + 278*b = 274*b + 1472, 3*i - 2268 = 4*b. List the prime factors of i.
2, 11, 17
Let t = -42 + 44. Let f(p) = 5*p**t + 4*p - 132 + 135 + p. What are the prime factors of f(-3)?
3, 11
Suppose -3*b - 2 = -14. Suppose -2*m - 11 = -4*u - m, u = -b*m + 7. Suppose -100 = u*d - 523. What are the prime factors of d?
3, 47
Let g = 8341 - 4744. List the prime factors of g.
3, 11, 109
Let k = 17 - 18. Let q be ((-18)/(-2))/(14/(-12) - k). List the prime factors of (q/12 - -6)/((-3)/(-218)).
109
Let r(i) = i**3 + 11*i**2 + 4*i - 2. Let q be r(-8). What are the prime factors of (-13 - -27)*q/4?
7, 79
Let z(g) = 165*g**2 - 10*g + 29. Let u be z(3). Suppose u = -6*h + 3914. What are the prime factors of h?
3, 5
Let x(y) = y**2 - 12*y - 3. Let s be x(11). Let t be s/21 - (-1 + 4821/(-9)). Suppose -5*w - c = -0*w - t, -4*w = 4*c - 416. What are the prime factors of w?
2, 3
Let o = 5 - -67. Let l be 17/4*2*o/(-18). Let z = l - -116. What are the prime factors of z?
2, 41
Let b = -9217 - -17885. List the prime factors of b.
2, 11, 197
Suppose p - 2*p - 4*w - 4 = 0, -28 = -5*p + 4*w. Let z(m) = -8 - 12 - 9 + 11*m + 7*m**2. List the prime factors of z(p).
127
Let k be (9/(-3))/((-9)/81). List the prime factors of ((-18)/10)/(k/(-2430)).
2, 3
Let i(k) = 2*k**2 + 39*k - 8. Let b be i(-9). Let j = 284 + b. List the prime factors of j.
3, 29
Let f be 7 - (-38)/(4/2). Suppose 92 = -b - 7. Let j = f - b. What are the prime factors of j?
5
Suppose -2*u + 6*u + 9988 = 5*i, -3*u = -i + 1991. Suppose 7*a + 9*a - i = 0. List the prime factors of a.
5
Let y(d) = 161*d**2 + 235*d - 26. What are the prime factors of y(13)?
2, 13, 1163
What are the prime factors of ((-11)/(110/21480))/((-7)/((-448)/(-4)))?
2, 3, 179
Let g(k) = k**2 - 6*k + 19. Let w be g(4). Suppose w*q - 597 = 107. What are the prime factors of q?
2
Let w(h) = 3*h**3 - 167*h**2 - 35*h - 184. What are the prime factors of w(60)?
2, 31, 359
Suppose 0 = 5*r + 3*h - 67002, -2*h + 25486 = 5*r - 41512. What are the prime factors of r?
2, 3, 7, 11, 29
Let u(k) = 4*k + 23. Let f be u(0). Suppose -f*v = -25*v + 1518. What are the prime factors of v?
3, 11, 23
What are the prime factors of 3670236/144 - (-2)/(15/25 + 1)?
71, 359
Let n(v) = -3221*v + 425 - v**2 + 3221*v. What are the prime factors of n(0)?
5, 17
Let y be ((-132)/8)/((-12)/(-1488)). What are the prime factors of y/(-22) + (-3 - (1 - 1))?
2, 3, 5
Suppose 0 = 2*m + 107 + 9. Let x = m + 60. Suppose -x*p + 12 + 110 = 0. What are the prime factors of p?
61
Suppose -40*y + 3*y + 22163 = 0. Let t = -310 + y. List the prime factors of t.
17
Suppose 23862*p - 23883*p = -52500. What are the prime factors of p?
2, 5
Suppose 11*w + 413 = -247. Let a = 321 + w. What are the prime factors of a?
3, 29
Let r be (4/7)/(12/882*7). Suppose -2*l = -5*m - 99, -3*m - 295 = r*l - 11*l. What are the prime factors of l?
2, 31
Suppose 67*o - 71*o = -3747 - 9273. List the prime factors of o.
3, 5, 7, 31
Suppose -l - 4*l + 2*x = -6, 3*x - 6 = 0. Let m be ((-2)/2)/(l/26). List the prime factors of ((-2)/(-6))/((-7 - m)/2358).
131
Let k(r) = -70*r - 81. Let x = 251 + -264. List the prime factors of k(x).
829
Let n be ((-2)/5)/((-1)/(-10) - (-10)/(-20)). Let j(a) = 178*a**2 - 1 + 3*a - a - a. What are the prime factors of j(n)?
2, 89
Suppose 0 = -17*h + 129966 + 164236. List the prime factors of h.
2, 17, 509
Suppose -6 = 14*v - 34. Suppose 17*s - 18*s - 847 = -v*n, -2*s = n - 426. List the prime factors of n.
2, 53
Let o = 16747 + -4273. What are the prime factors of o?
2, 3, 7, 11
Suppose 76*k = 1778 + 74982. List the prime factors of k.
2, 5, 101
List the prime factors of (-422235)/(-44) + 3/6*(-5)/10.
2, 2399
Let k(n) = 5*n - 1. Let s(j) = 49*j**2 + j - 37. Let b(g) = -2*k(g) + s(g). What are the prime factors of b(-6)?
1783
Let u = 167 + -162. Suppose 4*q + 3206 = 12*a - 7*a, 3*a - 1931 = -u*q. What are the prime factors of a?
2, 3, 107
Let z = -481 + 492. Suppose -8*r + z*r = c + 3830, 0 = -c + 1. What are the prime factors of r?
1277
Let i = 26 - 27. Let l be 20/((-5)/i) - 1. Suppose 4*n - 7*w = -l*w + 524, 0 = -n + 2*w + 136. What are the prime factors of n?
2, 3, 7
Let n(v) = 11*v**3 - 12*v - 5. Let o(h) = 10*h**3 + h**2 - 10*h - 5. Let j(u) = -2*n(u) + 3*o(u). What are the prime factors of j(4)?
3, 59
Suppose 0 = 2*i - 5*p + 122 - 46, 4*i + 152 = 3*p. Let o = -35 - i. Suppose 4*f - 248 = -5*z, -f = -5*f + o*z + 216. What are the prime factors of f?
3, 19
Suppose -6*k + 238 + 146 = 0. Let s = -65 + k. List the prime factors of 4/(-18) - ((-222)/(-27))/s.
2
Suppose -q + 2*i = 21, -q + 3*i = q + 38. Let k(w) = -w**2 - 8*w + 9. Let s be k(q). Let h = s + 111. List the prime factors of h.
5, 11
Suppose -8*j - 18 = -6*j. What are the prime factors of ((-600)/j)/(15/45)?
2, 5
List the prime factors of (-2276748)/(-972) + (-6)/(-9).
3, 11, 71
Suppose -5*d - 3*q - 457610 = -91813, 4*d + 292648 = -5*q. What are the prime factors of d/(-63) + (14/18 - 1)?
3, 43
Let t(a) = -2*a**2 - 78*a. What are the prime factors of t(-24)?
2, 3, 5
List the prime factors of 30245 - (5 - -2*(-9 - -10)).
2, 13, 1163
Suppose 0 = 13*y - 3*y + 20. What are the prime factors of 23/(184/1632) + y?
2, 101
Let w = 136 - 21. Let c = 230 - w. Let v = c + -30. List the prime factors of v.
5, 17
Let c = 17824 + -12402. List the prime factors of c.
2, 2711
Suppose 2*r - 106568 + 23972 = -2*w, w - 4*r - 41263 = 0. List the prime factors of w.
157, 263
Let m(q) = 79*q - 27. Let s be m(-4). Let u = 903 - s. What are the prime factors of u?
2, 7, 89
Let u = -2085 - -3590. Suppose 4*p - 2300 = 4*m, 4*p = -4*m + u + 763. What are the prime factors of p?
571
Let m(l) = -l**3 + 21*l**2 + 4*l - 13. Let f(s) = 61*s + 11. Let p be f(0). List the prime factors of m(p).
17, 73
Let h(w) = -630*w + 168. Let n be h(-13). Suppose